{"id":2318,"date":"2025-10-31T18:10:24","date_gmt":"2025-10-31T16:10:24","guid":{"rendered":"https:\/\/unionprofesionaldegalicia.org\/?post_type=ajde_events&#038;p=2318"},"modified":"2025-10-31T18:10:26","modified_gmt":"2025-10-31T16:10:26","slug":"webinar-tecnico_-openlabs","status":"publish","type":"ajde_events","link":"https:\/\/unionprofesionaldegalicia.org\/gl\/events\/webinar-tecnico_-openlabs\/","title":{"rendered":"Webinar t\u00e9cnico_ OpenLabs"},"content":{"rendered":"<p>El&nbsp;<strong>proyecto OPENLABS<\/strong>&nbsp;tiene como meta proporcionar a las empresas las herramientas para avanzar hacia la digitalizaci\u00f3n y el desarrollo sostenible, a trav\u00e9s de una red de laboratorios de procesos avanzados, as\u00ed como un programa de apoyo a la innovaci\u00f3n.<\/p>\n\n\n\n<p>En el marco del proyecto, presentamos el siguiente&nbsp;<strong>webinar t\u00e9cnico<\/strong>&nbsp;cuyo objetivo es animar a las empresas a&nbsp;<strong>experimentar con la realidad virtual y aumentada<\/strong>&nbsp;mostrando de forma clara y&nbsp;<strong>con ejemplos concretos<\/strong>&nbsp;c\u00f3mo estas tecnolog\u00edas generan valor, ahorran costes y abren nuevas l\u00edneas de negocio en distintos sectores.<\/p>\n\n\n\n<figure class=\"wp-block-image size-full\"><img loading=\"lazy\" decoding=\"async\" width=\"950\" height=\"534\" src=\"https:\/\/unionprofesionaldegalicia.org\/wp-content\/uploads\/2025\/10\/Open-Labs.jpg\" alt=\"\" class=\"wp-image-2319\" srcset=\"https:\/\/unionprofesionaldegalicia.org\/wp-content\/uploads\/2025\/10\/Open-Labs.jpg 950w, https:\/\/unionprofesionaldegalicia.org\/wp-content\/uploads\/2025\/10\/Open-Labs-480x270.jpg 480w\" sizes=\"(min-width: 0px) and (max-width: 480px) 480px, (min-width: 481px) 950px, 100vw\" \/><\/figure>","protected":false},"author":2,"featured_media":0,"menu_order":0,"comment_status":"closed","ping_status":"closed","template":"","meta":{"_et_pb_use_builder":"","_et_pb_old_content":"","_et_gb_content_width":""},"tags":[],"event_type":[],"event_type_2":[],"class_list":["post-2318","ajde_events","type-ajde_events","status-publish","hentry"],"yoast_head":"<!-- This site is optimized with the Yoast SEO plugin v27.5 - https:\/\/yoast.com\/product\/yoast-seo-wordpress\/ -->\n<title>Webinar t\u00e9cnico_ OpenLabs - Uni\u00f3n Profesional de Galicia<\/title>\n<meta name=\"robots\" content=\"index, follow, max-snippet:-1, max-image-preview:large, max-video-preview:-1\" \/>\n<link rel=\"canonical\" href=\"https:\/\/unionprofesionaldegalicia.org\/gl\/events\/webinar-tecnico_-openlabs\/\" \/>\n<meta property=\"og:locale\" content=\"gl_ES\" \/>\n<meta property=\"og:type\" content=\"article\" \/>\n<meta property=\"og:title\" content=\"Webinar t\u00e9cnico_ OpenLabs - Uni\u00f3n Profesional de Galicia\" \/>\n<meta property=\"og:description\" content=\"El&nbsp;proyecto OPENLABS&nbsp;tiene como meta proporcionar a las empresas las herramientas para avanzar hacia la digitalizaci\u00f3n y el desarrollo sostenible, a trav\u00e9s de una red de laboratorios de procesos avanzados, as\u00ed como un programa de apoyo a la innovaci\u00f3n. En el marco del proyecto, presentamos el siguiente&nbsp;webinar t\u00e9cnico&nbsp;cuyo objetivo es animar a las empresas a&nbsp;experimentar con [&hellip;]\" \/>\n<meta property=\"og:url\" content=\"https:\/\/unionprofesionaldegalicia.org\/gl\/events\/webinar-tecnico_-openlabs\/\" \/>\n<meta property=\"og:site_name\" content=\"Uni\u00f3n Profesional de Galicia\" \/>\n<meta property=\"article:modified_time\" content=\"2025-10-31T16:10:26+00:00\" \/>\n<meta property=\"og:image\" content=\"https:\/\/unionprofesionaldegalicia.org\/wp-content\/uploads\/2025\/10\/Open-Labs.jpg\" \/>\n\t<meta property=\"og:image:width\" content=\"950\" \/>\n\t<meta property=\"og:image:height\" content=\"534\" \/>\n\t<meta property=\"og:image:type\" content=\"image\/jpeg\" \/>\n<meta name=\"twitter:card\" content=\"summary_large_image\" \/>\n<meta name=\"twitter:label1\" content=\"Tempo de lectura\" \/>\n\t<meta name=\"twitter:data1\" content=\"1 minuto\" \/>\n<script type=\"application\/ld+json\" class=\"yoast-schema-graph\">{\"@context\":\"https:\\\/\\\/schema.org\",\"@graph\":[{\"@type\":\"WebPage\",\"@id\":\"https:\\\/\\\/unionprofesionaldegalicia.org\\\/events\\\/webinar-tecnico_-openlabs\\\/\",\"url\":\"https:\\\/\\\/unionprofesionaldegalicia.org\\\/events\\\/webinar-tecnico_-openlabs\\\/\",\"name\":\"Webinar t\u00e9cnico_ OpenLabs - Uni\u00f3n Profesional de Galicia\",\"isPartOf\":{\"@id\":\"https:\\\/\\\/unionprofesionaldegalicia.org\\\/#website\"},\"primaryImageOfPage\":{\"@id\":\"https:\\\/\\\/unionprofesionaldegalicia.org\\\/events\\\/webinar-tecnico_-openlabs\\\/#primaryimage\"},\"image\":{\"@id\":\"https:\\\/\\\/unionprofesionaldegalicia.org\\\/events\\\/webinar-tecnico_-openlabs\\\/#primaryimage\"},\"thumbnailUrl\":\"https:\\\/\\\/unionprofesionaldegalicia.org\\\/wp-content\\\/uploads\\\/2025\\\/10\\\/Open-Labs.jpg\",\"datePublished\":\"2025-10-31T16:10:24+00:00\",\"dateModified\":\"2025-10-31T16:10:26+00:00\",\"breadcrumb\":{\"@id\":\"https:\\\/\\\/unionprofesionaldegalicia.org\\\/events\\\/webinar-tecnico_-openlabs\\\/#breadcrumb\"},\"inLanguage\":\"gl-ES\",\"potentialAction\":[{\"@type\":\"ReadAction\",\"target\":[\"https:\\\/\\\/unionprofesionaldegalicia.org\\\/events\\\/webinar-tecnico_-openlabs\\\/\"]}]},{\"@type\":\"ImageObject\",\"inLanguage\":\"gl-ES\",\"@id\":\"https:\\\/\\\/unionprofesionaldegalicia.org\\\/events\\\/webinar-tecnico_-openlabs\\\/#primaryimage\",\"url\":\"https:\\\/\\\/unionprofesionaldegalicia.org\\\/wp-content\\\/uploads\\\/2025\\\/10\\\/Open-Labs.jpg\",\"contentUrl\":\"https:\\\/\\\/unionprofesionaldegalicia.org\\\/wp-content\\\/uploads\\\/2025\\\/10\\\/Open-Labs.jpg\"},{\"@type\":\"BreadcrumbList\",\"@id\":\"https:\\\/\\\/unionprofesionaldegalicia.org\\\/events\\\/webinar-tecnico_-openlabs\\\/#breadcrumb\",\"itemListElement\":[{\"@type\":\"ListItem\",\"position\":1,\"name\":\"Portada\",\"item\":\"https:\\\/\\\/unionprofesionaldegalicia.org\\\/\"},{\"@type\":\"ListItem\",\"position\":2,\"name\":\"Events\",\"item\":\"https:\\\/\\\/unionprofesionaldegalicia.org\\\/events\\\/\"},{\"@type\":\"ListItem\",\"position\":3,\"name\":\"Webinar t\u00e9cnico_ OpenLabs\"}]},{\"@type\":\"WebSite\",\"@id\":\"https:\\\/\\\/unionprofesionaldegalicia.org\\\/#website\",\"url\":\"https:\\\/\\\/unionprofesionaldegalicia.org\\\/\",\"name\":\"Uni\u00f3n Profesional de Galicia\",\"description\":\"La Uni\u00f3n Profesional de Galicia es la entidad que agrupa a 44 colegios profesionales y act\u00faa como nexo entre ellos y la Administraci\u00f3n para impulsar iniciativas que fortalecen el ejercicio profesional y mejoran la actividad judicial.\",\"publisher\":{\"@id\":\"https:\\\/\\\/unionprofesionaldegalicia.org\\\/#organization\"},\"potentialAction\":[{\"@type\":\"SearchAction\",\"target\":{\"@type\":\"EntryPoint\",\"urlTemplate\":\"https:\\\/\\\/unionprofesionaldegalicia.org\\\/?s={search_term_string}\"},\"query-input\":{\"@type\":\"PropertyValueSpecification\",\"valueRequired\":true,\"valueName\":\"search_term_string\"}}],\"inLanguage\":\"gl-ES\"},{\"@type\":\"Organization\",\"@id\":\"https:\\\/\\\/unionprofesionaldegalicia.org\\\/#organization\",\"name\":\"Uni\u00f3n Profesional de Galicia\",\"url\":\"https:\\\/\\\/unionprofesionaldegalicia.org\\\/\",\"logo\":{\"@type\":\"ImageObject\",\"inLanguage\":\"gl-ES\",\"@id\":\"https:\\\/\\\/unionprofesionaldegalicia.org\\\/#\\\/schema\\\/logo\\\/image\\\/\",\"url\":\"https:\\\/\\\/unionprofesionaldegalicia.org\\\/wp-content\\\/uploads\\\/2024\\\/12\\\/Logo-Union-Profesional.jpg\",\"contentUrl\":\"https:\\\/\\\/unionprofesionaldegalicia.org\\\/wp-content\\\/uploads\\\/2024\\\/12\\\/Logo-Union-Profesional.jpg\",\"width\":200,\"height\":71,\"caption\":\"Uni\u00f3n Profesional de Galicia\"},\"image\":{\"@id\":\"https:\\\/\\\/unionprofesionaldegalicia.org\\\/#\\\/schema\\\/logo\\\/image\\\/\"}}]}<\/script>\n<!-- \/ Yoast SEO plugin. -->","yoast_head_json":{"title":"Webinar t\u00e9cnico_ OpenLabs - Uni\u00f3n Profesional de Galicia","robots":{"index":"index","follow":"follow","max-snippet":"max-snippet:-1","max-image-preview":"max-image-preview:large","max-video-preview":"max-video-preview:-1"},"canonical":"https:\/\/unionprofesionaldegalicia.org\/gl\/events\/webinar-tecnico_-openlabs\/","og_locale":"gl_ES","og_type":"article","og_title":"Webinar t\u00e9cnico_ OpenLabs - Uni\u00f3n Profesional de Galicia","og_description":"El&nbsp;proyecto OPENLABS&nbsp;tiene como meta proporcionar a las empresas las herramientas para avanzar hacia la digitalizaci\u00f3n y el desarrollo sostenible, a trav\u00e9s de una red de laboratorios de procesos avanzados, as\u00ed como un programa de apoyo a la innovaci\u00f3n. En el marco del proyecto, presentamos el siguiente&nbsp;webinar t\u00e9cnico&nbsp;cuyo objetivo es animar a las empresas a&nbsp;experimentar con [&hellip;]","og_url":"https:\/\/unionprofesionaldegalicia.org\/gl\/events\/webinar-tecnico_-openlabs\/","og_site_name":"Uni\u00f3n Profesional de Galicia","article_modified_time":"2025-10-31T16:10:26+00:00","og_image":[{"width":950,"height":534,"url":"https:\/\/unionprofesionaldegalicia.org\/wp-content\/uploads\/2025\/10\/Open-Labs.jpg","type":"image\/jpeg"}],"twitter_card":"summary_large_image","twitter_misc":{"Tempo de lectura":"1 minuto"},"schema":{"@context":"https:\/\/schema.org","@graph":[{"@type":"WebPage","@id":"https:\/\/unionprofesionaldegalicia.org\/events\/webinar-tecnico_-openlabs\/","url":"https:\/\/unionprofesionaldegalicia.org\/events\/webinar-tecnico_-openlabs\/","name":"Webinar t\u00e9cnico_ OpenLabs - Uni\u00f3n Profesional de Galicia","isPartOf":{"@id":"https:\/\/unionprofesionaldegalicia.org\/#website"},"primaryImageOfPage":{"@id":"https:\/\/unionprofesionaldegalicia.org\/events\/webinar-tecnico_-openlabs\/#primaryimage"},"image":{"@id":"https:\/\/unionprofesionaldegalicia.org\/events\/webinar-tecnico_-openlabs\/#primaryimage"},"thumbnailUrl":"https:\/\/unionprofesionaldegalicia.org\/wp-content\/uploads\/2025\/10\/Open-Labs.jpg","datePublished":"2025-10-31T16:10:24+00:00","dateModified":"2025-10-31T16:10:26+00:00","breadcrumb":{"@id":"https:\/\/unionprofesionaldegalicia.org\/events\/webinar-tecnico_-openlabs\/#breadcrumb"},"inLanguage":"gl-ES","potentialAction":[{"@type":"ReadAction","target":["https:\/\/unionprofesionaldegalicia.org\/events\/webinar-tecnico_-openlabs\/"]}]},{"@type":"ImageObject","inLanguage":"gl-ES","@id":"https:\/\/unionprofesionaldegalicia.org\/events\/webinar-tecnico_-openlabs\/#primaryimage","url":"https:\/\/unionprofesionaldegalicia.org\/wp-content\/uploads\/2025\/10\/Open-Labs.jpg","contentUrl":"https:\/\/unionprofesionaldegalicia.org\/wp-content\/uploads\/2025\/10\/Open-Labs.jpg"},{"@type":"BreadcrumbList","@id":"https:\/\/unionprofesionaldegalicia.org\/events\/webinar-tecnico_-openlabs\/#breadcrumb","itemListElement":[{"@type":"ListItem","position":1,"name":"Portada","item":"https:\/\/unionprofesionaldegalicia.org\/"},{"@type":"ListItem","position":2,"name":"Events","item":"https:\/\/unionprofesionaldegalicia.org\/events\/"},{"@type":"ListItem","position":3,"name":"Webinar t\u00e9cnico_ OpenLabs"}]},{"@type":"WebSite","@id":"https:\/\/unionprofesionaldegalicia.org\/#website","url":"https:\/\/unionprofesionaldegalicia.org\/","name":"Uni\u00f3n Profesional de Galicia","description":"La Uni\u00f3n Profesional de Galicia es la entidad que agrupa a 44 colegios profesionales y act\u00faa como nexo entre ellos y la Administraci\u00f3n para impulsar iniciativas que fortalecen el ejercicio profesional y mejoran la actividad judicial.","publisher":{"@id":"https:\/\/unionprofesionaldegalicia.org\/#organization"},"potentialAction":[{"@type":"SearchAction","target":{"@type":"EntryPoint","urlTemplate":"https:\/\/unionprofesionaldegalicia.org\/?s={search_term_string}"},"query-input":{"@type":"PropertyValueSpecification","valueRequired":true,"valueName":"search_term_string"}}],"inLanguage":"gl-ES"},{"@type":"Organization","@id":"https:\/\/unionprofesionaldegalicia.org\/#organization","name":"Uni\u00f3n Profesional de Galicia","url":"https:\/\/unionprofesionaldegalicia.org\/","logo":{"@type":"ImageObject","inLanguage":"gl-ES","@id":"https:\/\/unionprofesionaldegalicia.org\/#\/schema\/logo\/image\/","url":"https:\/\/unionprofesionaldegalicia.org\/wp-content\/uploads\/2024\/12\/Logo-Union-Profesional.jpg","contentUrl":"https:\/\/unionprofesionaldegalicia.org\/wp-content\/uploads\/2024\/12\/Logo-Union-Profesional.jpg","width":200,"height":71,"caption":"Uni\u00f3n Profesional de Galicia"},"image":{"@id":"https:\/\/unionprofesionaldegalicia.org\/#\/schema\/logo\/image\/"}}]}},"_links":{"self":[{"href":"https:\/\/unionprofesionaldegalicia.org\/gl\/wp-json\/wp\/v2\/ajde_events\/2318","targetHints":{"allow":["GET"]}}],"collection":[{"href":"https:\/\/unionprofesionaldegalicia.org\/gl\/wp-json\/wp\/v2\/ajde_events"}],"about":[{"href":"https:\/\/unionprofesionaldegalicia.org\/gl\/wp-json\/wp\/v2\/types\/ajde_events"}],"author":[{"embeddable":true,"href":"https:\/\/unionprofesionaldegalicia.org\/gl\/wp-json\/wp\/v2\/users\/2"}],"replies":[{"embeddable":true,"href":"https:\/\/unionprofesionaldegalicia.org\/gl\/wp-json\/wp\/v2\/comments?post=2318"}],"wp:attachment":[{"href":"https:\/\/unionprofesionaldegalicia.org\/gl\/wp-json\/wp\/v2\/media?parent=2318"}],"wp:term":[{"taxonomy":"post_tag","embeddable":true,"href":"https:\/\/unionprofesionaldegalicia.org\/gl\/wp-json\/wp\/v2\/tags?post=2318"},{"taxonomy":"event_type","embeddable":true,"href":"https:\/\/unionprofesionaldegalicia.org\/gl\/wp-json\/wp\/v2\/event_type?post=2318"},{"taxonomy":"event_type_2","embeddable":true,"href":"https:\/\/unionprofesionaldegalicia.org\/gl\/wp-json\/wp\/v2\/event_type_2?post=2318"}],"curies":[{"name":"wp","href":"https:\/\/api.w.org\/{rel}","templated":true}]}}

Webinar técnico_ OpenLabs

<p>El&nbsp;<strong>proyecto OPENLABS</strong>&nbsp;tiene como meta proporcionar a las empresas las herramientas para avanzar hacia la digitalización y el desarrollo sostenible, a través de una red de laboratorios de procesos avanzados, así como un programa de apoyo a la innovación.</p>



<p>En el marco del proyecto, presentamos el siguiente&nbsp;<strong>webinar técnico</strong>&nbsp;cuyo objetivo es animar a las empresas a&nbsp;<strong>experimentar con la realidad virtual y aumentada</strong>&nbsp;mostrando de forma clara y&nbsp;<strong>con ejemplos concretos</strong>&nbsp;cómo estas tecnologías generan valor, ahorran costes y abren nuevas líneas de negocio en distintos sectores.</p>



<figure class="wp-block-image size-full"><img loading="lazy" decoding="async" width="950" height="534" src="https://unionprofesionaldegalicia.org/wp-content/uploads/2025/10/Open-Labs.jpg" alt="" class="wp-image-2319" srcset="https://unionprofesionaldegalicia.org/wp-content/uploads/2025/10/Open-Labs.jpg 950w, https://unionprofesionaldegalicia.org/wp-content/uploads/2025/10/Open-Labs-480x270.jpg 480w" sizes="(min-width: 0px) and (max-width: 480px) 480px, (min-width: 481px) 950px, 100vw" /></figure>

<!-- This site is optimized with the Yoast SEO plugin v27.5 - https://yoast.com/product/yoast-seo-wordpress/ -->
<title>Webinar técnico_ OpenLabs - Unión Profesional de Galicia</title>
<meta name="robots" content="index, follow, max-snippet:-1, max-image-preview:large, max-video-preview:-1" />
<link rel="canonical" href="https://unionprofesionaldegalicia.org/gl/events/webinar-tecnico_-openlabs/" />
<meta property="og:locale" content="gl_ES" />
<meta property="og:type" content="article" />
<meta property="og:title" content="Webinar técnico_ OpenLabs - Unión Profesional de Galicia" />
<meta property="og:description" content="El&nbsp;proyecto OPENLABS&nbsp;tiene como meta proporcionar a las empresas las herramientas para avanzar hacia la digitalización y el desarrollo sostenible, a través de una red de laboratorios de procesos avanzados, así como un programa de apoyo a la innovación. En el marco del proyecto, presentamos el siguiente&nbsp;webinar técnico&nbsp;cuyo objetivo es animar a las empresas a&nbsp;experimentar con [&hellip;]" />
<meta property="og:url" content="https://unionprofesionaldegalicia.org/gl/events/webinar-tecnico_-openlabs/" />
<meta property="og:site_name" content="Unión Profesional de Galicia" />
<meta property="article:modified_time" content="2025-10-31T16:10:26+00:00" />
<meta property="og:image" content="https://unionprofesionaldegalicia.org/wp-content/uploads/2025/10/Open-Labs.jpg" />
	<meta property="og:image:width" content="950" />
	<meta property="og:image:height" content="534" />
	<meta property="og:image:type" content="image/jpeg" />
<meta name="twitter:card" content="summary_large_image" />
<meta name="twitter:label1" content="Tempo de lectura" />
	<meta name="twitter:data1" content="1 minuto" />
<script type="application/ld+json" class="yoast-schema-graph">{"@context":"https:\/\/schema.org","@graph":[{"@type":"WebPage","@id":"https:\/\/unionprofesionaldegalicia.org\/events\/webinar-tecnico_-openlabs\/","url":"https:\/\/unionprofesionaldegalicia.org\/events\/webinar-tecnico_-openlabs\/","name":"Webinar técnico_ OpenLabs - Unión Profesional de Galicia","isPartOf":{"@id":"https:\/\/unionprofesionaldegalicia.org\/#website"},"primaryImageOfPage":{"@id":"https:\/\/unionprofesionaldegalicia.org\/events\/webinar-tecnico_-openlabs\/#primaryimage"},"image":{"@id":"https:\/\/unionprofesionaldegalicia.org\/events\/webinar-tecnico_-openlabs\/#primaryimage"},"thumbnailUrl":"https:\/\/unionprofesionaldegalicia.org\/wp-content\/uploads\/2025\/10\/Open-Labs.jpg","datePublished":"2025-10-31T16:10:24+00:00","dateModified":"2025-10-31T16:10:26+00:00","breadcrumb":{"@id":"https:\/\/unionprofesionaldegalicia.org\/events\/webinar-tecnico_-openlabs\/#breadcrumb"},"inLanguage":"gl-ES","potentialAction":[{"@type":"ReadAction","target":["https:\/\/unionprofesionaldegalicia.org\/events\/webinar-tecnico_-openlabs\/"]}]},{"@type":"ImageObject","inLanguage":"gl-ES","@id":"https:\/\/unionprofesionaldegalicia.org\/events\/webinar-tecnico_-openlabs\/#primaryimage","url":"https:\/\/unionprofesionaldegalicia.org\/wp-content\/uploads\/2025\/10\/Open-Labs.jpg","contentUrl":"https:\/\/unionprofesionaldegalicia.org\/wp-content\/uploads\/2025\/10\/Open-Labs.jpg"},{"@type":"BreadcrumbList","@id":"https:\/\/unionprofesionaldegalicia.org\/events\/webinar-tecnico_-openlabs\/#breadcrumb","itemListElement":[{"@type":"ListItem","position":1,"name":"Portada","item":"https:\/\/unionprofesionaldegalicia.org\/"},{"@type":"ListItem","position":2,"name":"Events","item":"https:\/\/unionprofesionaldegalicia.org\/events\/"},{"@type":"ListItem","position":3,"name":"Webinar técnico_ OpenLabs"}]},{"@type":"WebSite","@id":"https:\/\/unionprofesionaldegalicia.org\/#website","url":"https:\/\/unionprofesionaldegalicia.org\/","name":"Unión Profesional de Galicia","description":"La Unión Profesional de Galicia es la entidad que agrupa a 44 colegios profesionales y actúa como nexo entre ellos y la Administración para impulsar iniciativas que fortalecen el ejercicio profesional y mejoran la actividad judicial.","publisher":{"@id":"https:\/\/unionprofesionaldegalicia.org\/#organization"},"potentialAction":[{"@type":"SearchAction","target":{"@type":"EntryPoint","urlTemplate":"https:\/\/unionprofesionaldegalicia.org\/?s={search_term_string}"},"query-input":{"@type":"PropertyValueSpecification","valueRequired":true,"valueName":"search_term_string"}}],"inLanguage":"gl-ES"},{"@type":"Organization","@id":"https:\/\/unionprofesionaldegalicia.org\/#organization","name":"Unión Profesional de Galicia","url":"https:\/\/unionprofesionaldegalicia.org\/","logo":{"@type":"ImageObject","inLanguage":"gl-ES","@id":"https:\/\/unionprofesionaldegalicia.org\/#\/schema\/logo\/image\/","url":"https:\/\/unionprofesionaldegalicia.org\/wp-content\/uploads\/2024\/12\/Logo-Union-Profesional.jpg","contentUrl":"https:\/\/unionprofesionaldegalicia.org\/wp-content\/uploads\/2024\/12\/Logo-Union-Profesional.jpg","width":200,"height":71,"caption":"Unión Profesional de Galicia"},"image":{"@id":"https:\/\/unionprofesionaldegalicia.org\/#\/schema\/logo\/image\/"}}]}</script>
<!-- / Yoast SEO plugin. -->

Webinar técnico_ OpenLabs - Unión Profesional de Galicia

El&nbsp;proyecto OPENLABS&nbsp;tiene como meta proporcionar a las empresas las herramientas para avanzar hacia la digitalización y el desarrollo sostenible, a través de una red de laboratorios de procesos avanzados, así como un programa de apoyo a la innovación. En el marco del proyecto, presentamos el siguiente&nbsp;webinar técnico&nbsp;cuyo objetivo es animar a las empresas a&nbsp;experimentar con [&hellip;]

Unión Profesional de Galicia

La Unión Profesional de Galicia es la entidad que agrupa a 44 colegios profesionales y actúa como nexo entre ellos y la Administración para impulsar iniciativas que fortalecen el ejercicio profesional y mejoran la actividad judicial.
